d by 52?
9
Calculate the remainder when 90 is divided by 88.
2
What is the remainder when 23983 is divided by 369?
367
What is the remainder when 340 is divided by 49?
46
What is the remainder when 4253 is divided by 32?
29
What is the remainder when 479 is divided by 20?
19
What is the remainder when 74 is divided by 28?
18
Calculate the remainder when 2395 is divided by 96.
91
What is the remainder when 121 is divided by 73?
48
What is the remainder when 333 is divided by 115?
103
What is the remainder when 230 is divided by 11?
10
Calculate the remainder when 107 is divided by 11.
8
Calculate the remainder when 190 is divided by 28.
22
What is the remainder when 272 is divided by 46?
42
Calculate the remainder when 4031 is divided by 163.
119
Calculate the remainder when 5101 is divided by 44.
41
Calculate the remainder when 1192 is divided by 23.
19
Calculate the remainder when 641 is divided by 25.
16
Calculate the remainder when 532 is divided by 319.
213
Calculate the remainder when 616 is divided by 163.
127
Calculate the remainder when 779 is divided by 6.
5
Calculate the remainder when 390 is divided by 23.
22
Calculate the remainder when 2592 is divided by 30.
12
What is the remainder when 255 is divided by 124?
7
What is the remainder when 92 is divided by 45?
2
What is the remainder when 3117 is divided by 120?
117
Calculate the remainder when 286 is divided by 149.
137
What is the remainder when 977 is divided by 468?
41
Calculate the remainder when 3621 is divided by 1199.
24
Calculate the remainder when 18864 is divided by 245.
244
Calculate the remainder when 185 is divided by 40.
25
What is the remainder when 238 is divided by 40?
38
Calculate the remainder when 7795 is divided by 52.
47
What is the remainder when 215 is divided by 54?
53
What is the remainder when 899 is divided by 180?
179
Calculate the remainder when 248 is divided by 36.
32
Calculate the remainder when 472 is divided by 159.
154
Calculate the remainder when 1255 is divided by 126.
121
Calculate the remainder when 258 is divided by 84.
6
Calculate the remainder when 171 is divided by 30.
21
What is the remainder when 31 is divided by 7?
3
What is the remainder when 257 is divided by 86?
85
Calculate the remainder when 113 is divided by 10.
3
What is the remainder when 1880 is divided by 82?
76
Calculate the remainder when 2665 is divided by 4.
1
Calculate the remainder when 78 is divided by 17.
10
What is the remainder when 120 is divided by 88?
32
What is the remainder when 130 is divided by 33?
31
Calculate the remainder when 200 is divided by 24.
8
What is the remainder when 7 is divided by 6?
1
What is the remainder when 1539 is divided by 67?
65
What is the remainder when 634 is divided by 207?
13
Calculate the remainder when 991 is divided by 38.
3
What is the remainder when 875 is divided by 176?
171
Calculate the remainder when 270 is divided by 208.
62
What is the remainder when 351 is divided by 17?
11
What is the remainder when 12 is divided by 9?
3
Calculate the remainder when 1307 is divided by 13.
7
Calculate the remainder when 1137 is divided by 62.
21
What is the remainder when 2879 is divided by 12?
11
Calculate the remainder when 1348 is divided by 343.
319
Calculate the remainder when 120 is divided by 61.
59
What is the remainder when 1917 is divided by 96?
93
Calculate the remainder when 2106 is divided by 34.
32
Calculate the remainder when 521 is divided by 127.
13
Calculate the remainder when 276 is divided by 52.
16
What is the remainder when 221 is divided by 53?
9
What is the remainder when 45 is divided by 16?
13
What is the remainder when 1999 is divided by 653?
40
Calculate the remainder when 373 is divided by 173.
27
What is the remainder when 542 is divided by 19?
10
Calculate the remainder when 1633 is divided by 407.
5
Calculate the remainder when 88 is divided by 67.
21
What is the remainder when 658 is divided by 125?
33
What is the remainder when 328 is divided by 55?
53
What is the remainder when 158 is divided by 49?
11
What is the remainder when 3940 is divided by 116?
112
What is the remainder when 2080 is divided by 2072?
8
What is the remainder when 863 is divided by 28?
23
What is the remainder when 5777 is divided by 26?
5
Calculate the remainder when 90 is divided by 19.
14
Calculate the remainder when 231 is divided by 39.
36
What is the remainder when 8952 is divided by 256?
248
Calculate the remainder when 162 is divided by 33.
30
What is the remainder when 638 is divided by 107?
103
What is the remainder when 2639 is divided by 54?
47
Calculate the remainder when 543 is divided by 179.
6
Calculate the remainder when 129 is divided by 23.
14
Calculate the remainder when 1613 is divided by 532.
17
What is the remainder when 143 is divided by 12?
11
Calculate the remainder when 79 is divided by 21.
16
Calculate the remainder when 87 is divided by 73.
14
Calculate the remainder when 502 is divided by 42.
40
What is the remainder when 33 is divided by 19?
14
Calculate the remainder when 1946 is divided by 317.
44
What is the remainder when 298 is divided by 49?
4
What is the remainder when 1806 is divided by 203?
182
What is the remainder when 499 is divided by 476?
23
What is the remainder when 710 is divided by 169?
34
Calculate the remainder when 55 is divided by 6.
1
Calculate the remainder when 989 is divided by 18.
17
Calculate the remainder when 688 is divided by 13.
12
What is the remainder when 59 is divided by 17?
8
Calculate the remainder when 792 is divided by 200.
192
What is the remainder when 347 is divided by 174?
173
Calculate the remainder when 159 is divided by 15.
9
Calculate the remainder when 563 is divided by 196.
171
Calculate the remainder when 527 is divided by 48.
47
Calculate the remainder when 1586 is divided by 20.
6
Calculate the remainder when 108 is divided by 39.
30
What is the remainder when 222 is divided by 68?
18
What is the remainder when 5637 is divided by 31?
26
Calculate the remainder when 300 is divided by 53.
35
Calculate the remainder when 29669 is divided by 15.
14
Calculate the remainder when 23 is divided by 4.
3
What is the remainder when 152 is divided by 12?
8
Calculate the remainder when 1620 is divided by 47.
22
What is the remainder when 1359 is divided by 29?
25
What is the remainder when 1583 is divided by 8?
7
Calculate the remainder when 21 is divided by 18.
3
What is the remainder when 2294 is divided by 28?
26
Calculate the remainder when 79 is divided by 20.
19
What is the remainder when 302 is divided by 70?
22
Calculate the remainder when 186 is divided by 63.
60
What is the remainder when 1117 is divided by 113?
100
What is the remainder when 448 is divided by 96?
64
Calculate the remainder when 15211 is divided by 33.
31
Calculate the remainder when 512 is divided by 95.
37
What is the remainder when 7097 is divided by 263?
259
What is the remainder when 887 is divided by 89?
86
Calculate the remainder when 1013 is divided by 172.
153
Calculate the remainder when 39 is divided by 8.
7
Calculate the remainder when 1000 is divided by 142.
6
What is the remainder when 1634 is divided by 322?
24
What is the remainder when 55 is divided by 19?
17
What is the remainder when 219 is divided by 4?
3
Calculate the remainder when 119 is divided by 14.
7
What is the remainder when 708 is divided by 183?
159
What is the remainder when 655 is divided by 47?
44
What is the remainder when 108 is divided by 23?
16
What is the remainder when 336 is divided by 38?
32
Calculate the remainder when 710 is divided by 5.
0
Calculate the remainder when 1515 is divided by 37.
35
Calculate the remainder when 134 is divided by 25.
9
What is the remainder when 20927 is divided by 28?
11
What is the remainder when 424 is divided by 70?
4
What is the remainder when 2328 is divided by 29?
8
Calculate the remainder when 74586 is divided by 116.
114
Calculate the remainder when 4274 is divided by 266.
18
Calculate the remainder when 544 is divided by 6.
4
What is the remainder when 1287 is divided by 68?
63
What is the remainder when 68 is divided by 15?
8
What is the remainder when 375 is divided by 32?
23
Calculate the remainder when 3637 is divided by 27.
19
Calculate the r